{"id":97,"date":"2019-05-23T17:18:17","date_gmt":"2019-05-24T00:18:17","guid":{"rendered":"http:\/\/anthro.wsu.edu\/newsletter\/?page_id=97"},"modified":"2025-06-24T11:02:57","modified_gmt":"2025-06-24T18:02:57","slug":"welcome-2-new-faculty-members","status":"publish","type":"page","link":"https:\/\/anthro.wsu.edu\/newsletter\/welcome-2-new-faculty-members\/","title":{"rendered":"Two new faculty members &#8211; 2018"},"content":{"rendered":"<header class=\"wsu-article-header \">\r\n\t<h1 class=\"wsu-article-header__title\">\r\n\t\tAnthropology welcomes two new faculty members\t<\/h1>\r\n\t\t<\/header>\r\n\n\n\n<h2 class=\"wp-block-heading\">Dr. Anne Pisor and Dr. Aaron Blackwell joined the department in August 2018<\/h2>\n\n\n<div class=\"wsu-row wsu-row--halves\" >\r\n    \n<div class=\"wsu-column\"  style=\"\">\r\n\t\n\n<h3 class=\"wp-block-heading\">Anne Pisor<\/h3>\n\n\n<div class=\"wp-block-image\">\n<figure class=\"alignleft size-medium is-resized\"><img decoding=\"async\" loading=\"lazy\" src=\"https:\/\/wpcdn.web.wsu.edu\/wp-cas\/uploads\/sites\/3206\/2019\/05\/Anne-Pisor-Headshot-396x554.jpg\" alt=\"Anne Pisor\" class=\"wp-image-137\" width=\"297\" height=\"416\" srcset=\"https:\/\/wpcdn.web.wsu.edu\/wp-cas\/uploads\/sites\/3206\/2019\/05\/Anne-Pisor-Headshot-396x554.jpg 396w, https:\/\/wpcdn.web.wsu.edu\/wp-cas\/uploads\/sites\/3206\/2019\/05\/Anne-Pisor-Headshot-768x1075.jpg 768w, https:\/\/wpcdn.web.wsu.edu\/wp-cas\/uploads\/sites\/3206\/2019\/05\/Anne-Pisor-Headshot-792x1109.jpg 792w, https:\/\/wpcdn.web.wsu.edu\/wp-cas\/uploads\/sites\/3206\/2019\/05\/Anne-Pisor-Headshot-990x1386.jpg 990w, https:\/\/wpcdn.web.wsu.edu\/wp-cas\/uploads\/sites\/3206\/2019\/05\/Anne-Pisor-Headshot-1188x1663.jpg 1188w, https:\/\/wpcdn.web.wsu.edu\/wp-cas\/uploads\/sites\/3206\/2019\/05\/Anne-Pisor-Headshot.jpg 1889w\" sizes=\"(max-width: 297px) 100vw, 297px\" \/><figcaption class=\"wp-element-caption\">Anne Pisor<\/figcaption><\/figure><\/div>\n\n\n<p>I study the evolution and flexibility of human sociality, especially when and why individuals build relationships that cross community, and sometimes even ethnolinguistic or religious, boundaries. Compared to our closest relatives, humans are unusual in that we often build such relationships with individuals we don\u2019t see every day. I theorize about what aspects of the ways humans make a living\u2014especially our reliance on resources that are rare or fluctuate in their availability\u2014contributed to the pattern of between-group and between-community relationships we see today. In collaboration with three populations of horticulturalists in the Bolivian Amazon, I study the features of social life and local ecology that affect individuals\u2019 interest in and formation of relationships across boundaries. These social and ecological factors include increased reliance on national markets and increased susceptibility to climate change. I my research program, I draw on methods from a diverse array of disciplines, including evolutionary and cultural anthropology, behavioral economics, social psychology, and ecology.<\/p>\n\n\n\n<p>My doctoral work (completed at UC Santa Barbara) focused on when and why participants in Bolivia were interested in relationships with members of other religious denominations or pueblos ind\u00edgenas (indigenous groups with different ethnolinguistic identities). I found that participants who had less access to market resources were more interested in individuals from these other groups. That said, regardless of whether participants were considering same-group or other-group individuals, there was one quality they found important above all else in a new friend: being \u201cgood people\u201d (buena gente). As a postdoctoral scholar at the Max Planck Institute for Evolutionary Anthropology, I continued to investigate factors that may affect interest in boundary-crossing relationships in Bolivia, including experiences of recurrent resource shortfalls, existing boundary-crossing relationships, and higher levels of mobility. One offshoot of this work\u2014my first visual anthropology project\u2014is nearing completion. David Mayto Baya (president, Organizaci\u00f3n del Pueblo Ind\u00edgena Moset\u00e9n), Karl Frost (Max Planck Institute for Evolutionary Anthropology), and I collaborated with the Pueblo Ind\u00edgena Moset\u00e9n to film experts in Moset\u00e9n handicrafts demonstrating the steps required to produce their craft. The resulting short films will be freely and publicly available; our hope is that they will serve as a resource for future generations of Moset\u00e9n young adults.<\/p>\n\n\n\n<p>My ongoing research approaches human sociality from several directions\u2014including applied work and comparative research with non-human primates. Monique Borgerhoff Mulder (UC Davis) and I have designed a project exploring whether an individual\u2019s interest in relationships spanning community boundaries, or her existing relationships spanning those boundaries, predicts her participation in multi-community collaborative development projects, like fisheries management or forest management projects. I am collaborating with Martin Surbeck (Max Planck Institute for Evolutionary Anthropology) and other bonobo researchers to examine what predicts intergroup encounters in bonobos, and why these encounters end. I also regularly collaborate with a group of researchers (based primarily at UCLA) in efforts to study the effects of attitudes and emotions on cooperative behavior with strangers. My other research interests include the interrelationship of risk management and social network composition, cross-cultural variation in morality and moral behavior, and the effects of social and economic change (like acculturating and globalizing forces) on people\u2019s well-being.<\/p>\n\n\n\n<p>I\u2019m thrilled to be a new member of the high-achieving, collaborative, and collegial WSU Department of Anthropology. Here in Pullman, I\u2019ll be training students interested in scientific approaches to human behavior. I\u2019m offering introductory courses to biocultural anthropology and four-field anthropology, as well as an undergraduate course on the evolution of cooperation and graduate courses on field methods and the evolution of multilevel societies.<\/p>\n\n\n\n<p>Follow me, and the department, on Twitter: <a href=\"https:\/\/twitter.com\/annepisor\">@AnnePisor<\/a>, <a href=\"https:\/\/twitter.com\/wsuanthropology\">@wsuanthropology<\/a>, <a href=\"https:\/\/twitter.com\/wsuvanth\">@wsuvanth<\/a>.<\/p>\n\n\n\n<p><strong>For more information about my research visit: <\/strong><a href=\"http:\/\/www.pisor-lab.com\/\">Pisor lab website<\/a><strong>.<\/strong><\/p>\n\n\n\n<p><strong>509.335.2304<\/strong><br><a href=\"mailto:anne.pisor@wsu.edu\">anne.pisor@wsu.edu<\/a><\/p>\n\n<\/div>\r\n\n\n<div class=\"wsu-column wsu-color-background--gray-5\"  style=\"\">\r\n\t\n\n<h3 class=\"wp-block-heading\">Aaron Blackwell<\/h3>\n\n\n<div class=\"wp-block-image\">\n<figure class=\"alignleft size-medium is-resized\"><img decoding=\"async\" loading=\"lazy\" src=\"https:\/\/wpcdn.web.wsu.edu\/wp-cas\/uploads\/sites\/3206\/2019\/05\/Aaron-Blackwell-cropped-396x335.jpg\" alt=\"Aaron Blackwell\" class=\"wp-image-138\" width=\"297\" height=\"251\" srcset=\"https:\/\/wpcdn.web.wsu.edu\/wp-cas\/uploads\/sites\/3206\/2019\/05\/Aaron-Blackwell-cropped-396x335.jpg 396w, https:\/\/wpcdn.web.wsu.edu\/wp-cas\/uploads\/sites\/3206\/2019\/05\/Aaron-Blackwell-cropped.jpg 522w\" sizes=\"(max-width: 297px) 100vw, 297px\" \/><figcaption class=\"wp-element-caption\">Aaron Blackwell<\/figcaption><\/figure><\/div>\n\n\n<p>I am a human biologist whose work focuses on human ecoimmunology, evolutionary medicine, host\u2013parasite interactions, growth, reproduction, and health. I received my PhD in 2009 from the University of Oregon, where I did my dissertation work with the Shuar, a group of Amazonian horticulturalists in eastern Ecuador. My dissertation examined children\u2019s growth and its relationship to immune responses to parasitic infections.<\/p>\n\n\n\n<p>After my dissertation, I was a postdoc and then an assistant professor at the University of California, Santa Barbara, where I worked with Tsimane forager-horticulturalists of lowland Bolivia and examined questions related to how early environments affect the development of immune function, with consequences for other immune related conditions such as fertility issues and metabolic and cardiovascular diseases. Tsimane live in a very pathogenic environment, produce almost all their own food, and have an average of nine children. By working with the Tsimane we can both provide vital healthcare and study how human biology responds to conditions very different from those found in most of the United States and Europe.<\/p>\n\n\n\n<p>In addition to continuing this work, I have an ongoing project in Honduras examining psychosocial stress, neuroendocrine-immune interactions, and metabolic health. The project is based on Utila, a small island off the coast. While a popular spot for dive-tourism, Utila is also a microcosm for studying social inequalities created by economic disparity. We are examining how genes related to immunity get turned on and off throughout the day, and what happens when stressors such as social marginalization and inequality interfere with this daily pattern. We have so far found that perceptions of unmet need are closely linked to hormonal markers of stress, and that these markers are related to patterns in how white blood cell populations in the blood change throughout the day.<\/p>\n\n\n\n<p>I am also currently developing models and methods to examine the transmission of immune responses during pregnancy from mothers to infants. These models show that many of the differences between populations in disease tolerance and resistance may be due to non-genetic factors that are nonetheless inherited across generations and can be persistent through time.<\/p>\n\n\n\n<p>At WSU I will be teaching courses on biological anthropology, human reproduction, and evolutionary theory. I am very happy to be joining the Anthropology department at WSU and look forward to building lab and research capabilities along with colleagues and students.<\/p>\n\n\n\n<p><strong>For more information about my research visit: <\/strong><a href=\"https:\/\/blackwell-lab.com\/\">Blackwell lab website<\/a>.<\/p>\n\n\n\n<p><strong>College Hall 367<br>509.335.8559<\/strong><br><a href=\"mailto:aaron.blackwell@wsu.edu\">aaron.blackwell@wsu.edu<\/a><\/p>\n\n<\/div>\r\n\n<\/div>","protected":false},"excerpt":{"rendered":"<p>Dr. Anne Pisor and Dr. Aaron Blackwell joined the department in August 2018<\/p>\n","protected":false},"author":244,"featured_media":0,"parent":0,"menu_order":0,"comment_status":"closed","ping_status":"closed","template":"","meta":[],"wsuwp_university_location":[],"wsuwp_university_org":[],"_links":{"self":[{"href":"https:\/\/anthro.wsu.edu\/newsletter\/wp-json\/wp\/v2\/pages\/97"}],"collection":[{"href":"https:\/\/anthro.wsu.edu\/newsletter\/wp-json\/wp\/v2\/pages"}],"about":[{"href":"https:\/\/anthro.wsu.edu\/newsletter\/wp-json\/wp\/v2\/types\/page"}],"author":[{"embeddable":true,"href":"https:\/\/anthro.wsu.edu\/newsletter\/wp-json\/wp\/v2\/users\/244"}],"replies":[{"embeddable":true,"href":"https:\/\/anthro.wsu.edu\/newsletter\/wp-json\/wp\/v2\/comments?post=97"}],"version-history":[{"count":28,"href":"https:\/\/anthro.wsu.edu\/newsletter\/wp-json\/wp\/v2\/pages\/97\/revisions"}],"predecessor-version":[{"id":1353,"href":"https:\/\/anthro.wsu.edu\/newsletter\/wp-json\/wp\/v2\/pages\/97\/revisions\/1353"}],"wp:attachment":[{"href":"https:\/\/anthro.wsu.edu\/newsletter\/wp-json\/wp\/v2\/media?parent=97"}],"wp:term":[{"taxonomy":"wsuwp_university_location","embeddable":true,"href":"https:\/\/anthro.wsu.edu\/newsletter\/wp-json\/wp\/v2\/wsuwp_university_location?post=97"},{"taxonomy":"wsuwp_university_org","embeddable":true,"href":"https:\/\/anthro.wsu.edu\/newsletter\/wp-json\/wp\/v2\/wsuwp_university_org?post=97"}],"curies":[{"name":"wp","href":"https:\/\/api.w.org\/{rel}","templated":true}]}}