{"id":991,"date":"2023-03-24T14:52:26","date_gmt":"2023-03-24T21:52:26","guid":{"rendered":"https:\/\/anthro.wsu.edu\/newsletter\/?page_id=991"},"modified":"2025-06-24T08:39:20","modified_gmt":"2025-06-24T15:39:20","slug":"2023-alumni-spotlight","status":"publish","type":"page","link":"https:\/\/anthro.wsu.edu\/newsletter\/2023-alumni-spotlight\/","title":{"rendered":"2023 &#8211; Alumni Spotlight &#8211; Stefani Crabtree"},"content":{"rendered":"\n<h1 class=\"wp-block-heading\">Alumni Spotlight<\/h1>\n\n\n<div class=\"wsu-row wsu-row--single\" >\r\n    \n<div class=\"wsu-column\"  style=\"\">\r\n\t\n<div class=\"wp-block-image wsu-spacing-before--xxsmall\">\n<figure class=\"alignright size-medium is-resized\"><img decoding=\"async\" loading=\"lazy\" src=\"https:\/\/wpcdn.web.wsu.edu\/wp-cas\/uploads\/sites\/3206\/2023\/03\/Alumni-Spotlight-Photo-Crabtree-396x396.jpg\" alt=\"Stephani Crabtree writing out equations on glass.\" class=\"wp-image-1029\" width=\"396\" height=\"396\" srcset=\"https:\/\/wpcdn.web.wsu.edu\/wp-cas\/uploads\/sites\/3206\/2023\/03\/Alumni-Spotlight-Photo-Crabtree-396x396.jpg 396w, https:\/\/wpcdn.web.wsu.edu\/wp-cas\/uploads\/sites\/3206\/2023\/03\/Alumni-Spotlight-Photo-Crabtree-792x792.jpg 792w, https:\/\/wpcdn.web.wsu.edu\/wp-cas\/uploads\/sites\/3206\/2023\/03\/Alumni-Spotlight-Photo-Crabtree-198x198.jpg 198w, https:\/\/wpcdn.web.wsu.edu\/wp-cas\/uploads\/sites\/3206\/2023\/03\/Alumni-Spotlight-Photo-Crabtree-768x768.jpg 768w, https:\/\/wpcdn.web.wsu.edu\/wp-cas\/uploads\/sites\/3206\/2023\/03\/Alumni-Spotlight-Photo-Crabtree.jpg 1384w\" sizes=\"(max-width: 396px) 100vw, 396px\" \/><\/figure><\/div>\n\n\n<h2 class=\"wp-block-heading\">Stefani A. Crabtree<\/h2>\n\n\n\n<p>Since graduating with a doctoral degree in December 2016, Stefani Crabtree has done quite a lot! She is currently an assistant\u00a0professor of social-environmental modeling at Utah State University, where she combines her background in archaeology with environmental science to study coupled natural-human systems. She teaches agent-based modeling, a course she enjoyed taking once from Tim Kohler and again auditing from Luke Premo. She is also a complex systems fellow at the Santa Fe Institute, and also holds many external affiliations, including as a\u00a0visiting research scholar at the Levin Lab at Princeton University Ecology &amp; Evolutionary Biology, an\u00a0associate investigator for the Australian Research Council Centre of Excellence for Australian Biodiversity and Heritage, and as a\u00a0research associate at Crow Canyon Research Institute.<\/p>\n\n\n\n<p>In 2017, Crabtree was able to fulfil a dream and live among the Martu Aboriginal People in Parngurr, Western Australia, to understand their important place in Australian food webs. Building on this experience she continues to work in Australia, and her 2021 paper won a Hyperion Research Innovation Excellence award, the first time this was awarded to an archaeological project. She also continues to co-direct an archaeological project in Northern Mongolia with active field research among the nomadic pastoralists in the area. Her research is rounded out with the Archaeoecology&nbsp;Project,&nbsp; which aims to understand the human place in food webs worldwide.<\/p>\n\n\n\n<p>Outside of work Stefani is still pursuing music, having&nbsp;taken up the electric guitar and mandolin during the pandemic, is learning new languages (someday she will be fluent in Mongolian and Italian, she swears!), cooking, rock climbing, and cycling.<\/p>\n\n\n\n<h2 class=\"wp-block-heading wsu-font-size--large\">Recent publications:<\/h2>\n\n\n<div class=\"wsu-container wsu-spacing-padding-left--xxmedium\" >\r\n    \n\n<p>2022<em> &nbsp; &nbsp;&nbsp; <\/em><strong>Crabtree, Stefani A.*<\/strong>, Jennifer G. Kahn, Rowan Jackson, Jacob Earnshaw, Iain McKechnie, Philip Verhagen, Spencer A. Wood, Patrick V. Kirch, Jennifer A. Dunne, Andrew Dugmore.<br>\u201cWhy are sustainable practices often elusive? The role of information flow in the management of networked human-environment interactions.\u201d&nbsp;<em>Global Environmental Change&nbsp;<\/em>xxx(xxxx):102597. <a href=\"https:\/\/urldefense.com\/v3\/__https:\/doi.org\/10.1016\/j.gloenvcha.2022.102597__;!!JmPEgBY0HMszNaDT!rChCNpET3Svxr6SaBCQ9gK0R8xruoSM_xDMnPT8mMMPT0k6O5y9FyL7BVZESAPW9nMMwkgoU7RXnAjCXnw2ORKA67A$\">https:\/\/doi.org\/10.1016\/j.gloenvcha.2022.102597<\/a>&nbsp;<\/p>\n\n\n\n<p>2022<em>&nbsp;&nbsp;&nbsp;&nbsp;&nbsp;&nbsp;<\/em><strong>Stefani A. Crabtree*<\/strong>, Jennifer A. Dunne. \u201cToward a Science of Archaeoecology\u201d&nbsp;<em>Trends in Ecology and Evolution&nbsp;<\/em>37(11):976-984.&nbsp;<a href=\"https:\/\/urldefense.com\/v3\/__https:\/doi.org\/10.1016\/j.tree.2022.07.010__;!!JmPEgBY0HMszNaDT!rChCNpET3Svxr6SaBCQ9gK0R8xruoSM_xDMnPT8mMMPT0k6O5y9FyL7BVZESAPW9nMMwkgoU7RXnAjCXnw13zHQ5-g$\">https:\/\/doi.org\/10.1016\/j.tree.2022.07.010<\/a><\/p>\n\n\n\n<p>2022&nbsp;&nbsp;&nbsp;&nbsp;&nbsp;&nbsp;Zirou Qiua, Baltazar Espinoza, Vitor V. Vasconcelos, Chen Chen, Sara M. Constantino,&nbsp;<strong>Stefani A. Crabtree<\/strong>, Luojun Yang, Anil Vullikantia, Jiangzhuo Chen, J\u00f6rgen Weibull, Kaushik Basu, Avinash Dixit, Simon Levin, and Madhav Marathe.&nbsp;<br><em>\u201c<\/em>Understanding the co-evolution of mask-wearing and epidemics : a network perspective.\u201d&nbsp;<em>Proceedings of the National Academy of Sciences<\/em>. 119 (26) e2123355119.&nbsp;<a href=\"https:\/\/urldefense.com\/v3\/__https:\/doi.org\/10.1073\/pnas.2123355119__;!!JmPEgBY0HMszNaDT!rChCNpET3Svxr6SaBCQ9gK0R8xruoSM_xDMnPT8mMMPT0k6O5y9FyL7BVZESAPW9nMMwkgoU7RXnAjCXnw0zDM0YyQ$\">https:\/\/doi.org\/10.1073\/pnas.2123355119<\/a><\/p>\n\n\n\n<p>2022&nbsp;&nbsp;&nbsp;&nbsp;&nbsp;&nbsp;&nbsp;&nbsp;Jennifer G. Kahn, Abbigail Buffington, Claudia Escue, and&nbsp;<strong>Stefani A. Crabtree<\/strong>. \u201cSocial and Ecological Factors Effect Long-Term Resilience of Voyaging Canoes in Pre-Contact Eastern Polynesia: a Multiproxy Approach from the ArchaeoEcology Project.\u201d&nbsp;<em>Frontiers in Ecology and Evolution<\/em>. 9:942.&nbsp;<a href=\"https:\/\/urldefense.com\/v3\/__https:\/doi.org\/10.3389\/fevo.2021.750351__;!!JmPEgBY0HMszNaDT!rChCNpET3Svxr6SaBCQ9gK0R8xruoSM_xDMnPT8mMMPT0k6O5y9FyL7BVZESAPW9nMMwkgoU7RXnAjCXnw1IWckz9Q$\">https:\/\/doi.org\/10.3389\/fevo.2021.750351<\/a><\/p>\n\n\n\n<p>2021<em>&nbsp;&nbsp;&nbsp;&nbsp;&nbsp;&nbsp;&nbsp;&nbsp;<\/em><strong>Crabtree, Stefani A.,&nbsp;<\/strong>Devin A. White, Corey J. A. Bradshaw, Fr\u00e9d\u00e9rik Saltr\u00e9, Alan N. Williams, Robin J. Beaman, Michael I. Bird, Sean Ulm. \u201cLandscape rules predict optimal super-highways for the first peopling of Sahul.\u201d&nbsp;<em>Nature: Human Behaviour<\/em>. 5: 1303-1313.&nbsp;<a href=\"https:\/\/urldefense.com\/v3\/__https:\/dx.doi.org\/10.1038\/s41562-021-01106-8__;!!JmPEgBY0HMszNaDT!rChCNpET3Svxr6SaBCQ9gK0R8xruoSM_xDMnPT8mMMPT0k6O5y9FyL7BVZESAPW9nMMwkgoU7RXnAjCXnw0chsvdBA$\">https:\/\/dx.doi.org\/10.1038\/s41562-021-01106-8<\/a><\/p>\n\n\n\n<p>2021&nbsp;&nbsp;&nbsp;&nbsp;&nbsp;&nbsp;&nbsp;&nbsp;&nbsp;&nbsp;<strong>Stefani A. Crabtree<\/strong>, Sarah C. Klain. \u201cWeaving Frames of Knowledge.\u201d&nbsp;<em>Australian Archaeology<\/em>. 87:3,&nbsp;307-308,&nbsp;DOI:&nbsp;<a href=\"https:\/\/urldefense.com\/v3\/__https:\/doi.org\/10.1080\/03122417.2021.1991399__;!!JmPEgBY0HMszNaDT!rChCNpET3Svxr6SaBCQ9gK0R8xruoSM_xDMnPT8mMMPT0k6O5y9FyL7BVZESAPW9nMMwkgoU7RXnAjCXnw0M_c4Pvw$\">10.1080\/03122417.2021.1991399<\/a><\/p>\n\n\n\n<p>2021<em>&nbsp;&nbsp;&nbsp;&nbsp;&nbsp;&nbsp;&nbsp;&nbsp;&nbsp;&nbsp;&nbsp;<\/em><strong>Crabtree, Stefani A.,&nbsp;<\/strong>Jennifer A. Dunne, Spencer Wood. \u201cEcological Networks and Archaeology.\u201d&nbsp;<em>Antiquity<\/em>. 95 (381): 812-825.&nbsp;<\/p>\n\n\n\n<p>2021&nbsp;&nbsp;&nbsp;&nbsp;&nbsp;&nbsp;&nbsp;&nbsp;Bird, Michael I.,&nbsp;<strong>Stefani A. Crabtree<\/strong>, Jordahna Haig, Sean Ulm, Christopher Wurster.\u201cA Global Carbon and Nitrogen Isotope Perspective on Modern and Ancient Human Diet.\u201d&nbsp;<em>Proceedings of the National Academy of Sciences<\/em>. 118(19).<\/p>\n\n\n\n<p>2021&nbsp;&nbsp;&nbsp;&nbsp;&nbsp;&nbsp;&nbsp;&nbsp;&nbsp;&nbsp;Verhagen, J. W. H. Philip,&nbsp;<strong>Stefani A. Crabtree<\/strong>,&nbsp;Hans Peeters, Daan Raemaekers. <em>\u201c<\/em>Reconstructing human centered interaction networks of the Swifterbant culture in the northwestern Netherlands: An example from the ArchaeoEcology Project.\u201d&nbsp;<em>Applied Sciences<\/em>. 11(11):4860.<\/p>\n\n\n\n<p>2021<em>&nbsp;&nbsp;&nbsp;&nbsp;&nbsp;&nbsp;&nbsp;&nbsp;&nbsp;<\/em>Bradshaw, Corey J., Justin M. Chalker,&nbsp;<strong>Stefani A. Crabtree<\/strong>, Bart A. Eijkelkamp, John A. Long, Justine R. Smith, Kate Trinajstic, Vera Weisbecker. \u201cA fairer way to compare researchers at any career stage and in any discipline using open-access citation data.\u201d&nbsp;<em>PLoS One<\/em>. 16(9): e0257141. <a href=\"https:\/\/urldefense.com\/v3\/__https:\/doi.org\/10.1371\/journal.pone.0257141__;!!JmPEgBY0HMszNaDT!rChCNpET3Svxr6SaBCQ9gK0R8xruoSM_xDMnPT8mMMPT0k6O5y9FyL7BVZESAPW9nMMwkgoU7RXnAjCXnw2bGKh47A$\">https:\/\/doi.org\/10.1371\/journal.pone.0257141<\/a><\/p>\n\n<\/div>\n<\/div>\r\n\n<\/div>","protected":false},"excerpt":{"rendered":"<p>Alumni Spotlight<\/p>\n","protected":false},"author":45,"featured_media":0,"parent":0,"menu_order":0,"comment_status":"closed","ping_status":"closed","template":"","meta":[],"wsuwp_university_location":[],"wsuwp_university_org":[],"_links":{"self":[{"href":"https:\/\/anthro.wsu.edu\/newsletter\/wp-json\/wp\/v2\/pages\/991"}],"collection":[{"href":"https:\/\/anthro.wsu.edu\/newsletter\/wp-json\/wp\/v2\/pages"}],"about":[{"href":"https:\/\/anthro.wsu.edu\/newsletter\/wp-json\/wp\/v2\/types\/page"}],"author":[{"embeddable":true,"href":"https:\/\/anthro.wsu.edu\/newsletter\/wp-json\/wp\/v2\/users\/45"}],"replies":[{"embeddable":true,"href":"https:\/\/anthro.wsu.edu\/newsletter\/wp-json\/wp\/v2\/comments?post=991"}],"version-history":[{"count":7,"href":"https:\/\/anthro.wsu.edu\/newsletter\/wp-json\/wp\/v2\/pages\/991\/revisions"}],"predecessor-version":[{"id":1270,"href":"https:\/\/anthro.wsu.edu\/newsletter\/wp-json\/wp\/v2\/pages\/991\/revisions\/1270"}],"wp:attachment":[{"href":"https:\/\/anthro.wsu.edu\/newsletter\/wp-json\/wp\/v2\/media?parent=991"}],"wp:term":[{"taxonomy":"wsuwp_university_location","embeddable":true,"href":"https:\/\/anthro.wsu.edu\/newsletter\/wp-json\/wp\/v2\/wsuwp_university_location?post=991"},{"taxonomy":"wsuwp_university_org","embeddable":true,"href":"https:\/\/anthro.wsu.edu\/newsletter\/wp-json\/wp\/v2\/wsuwp_university_org?post=991"}],"curies":[{"name":"wp","href":"https:\/\/api.w.org\/{rel}","templated":true}]}}